me factors of q(p)?
7
Suppose -10*b + 69225 - 17375 = 0. Suppose 4*r = 6*h - 4*h - 2060, 5*h = 3*r + b. What are the prime factors of h?
2, 5, 13
What are the prime factors of 54770 - ((-24 - -1) + 3)?
2, 5, 5479
Let l be (11600/(-68))/(-5) - (-2)/(-17). Suppose -2*g - l = -46. Suppose 0*n = -g*n + 366. List the prime factors of n.
61
Let m(f) = f**3 + 7*f**2 - 8*f + 1. Let r(y) = -y**3 + 12*y**2 + y - 20. Let u be r(12). Let t be m(u). What are the prime factors of 2*t/2 - -84?
5, 17
Suppose -592*h = -360*h - 13472936. List the prime factors of h.
58073
Suppose x + 2*a - 388 = 5*a, 10 = 2*a. Let b be 40/(-300) + 2863*(-1)/15. Let u = x + b. List the prime factors of u.
2, 53
Suppose 2297*n = 2300*n - 22146. What are the prime factors of n?
2, 3691
Let q be 4/5*3 - 32/80. Suppose -5*d - q*f = -f - 155, -3*d + 5*f + 65 = 0. Suppose 33*o - d*o - 240 = 0. List the prime factors of o.
2, 5
Let t = -715 - -1315. Suppose -3*j - j = -t. What are the prime factors of -3 - j/(-54) - (-992)/9?
2, 5, 11
Let w(z) = 1870*z + 236. List the prime factors of w(7).
2, 3, 2221
Suppose -424188 = -38*o + 91548. List the prime factors of o.
2, 3, 13, 29
Suppose -4*n = 5*o - 8*o - 321, -2*n = -o - 163. Suppose -95 - n = -f. List the prime factors of f.
179
Suppose -4*y - 146 = -5*y - 2*f, -2*y + 278 = -3*f. Suppose 4*x = 3*j + y, 4*j = 5*x + 3*j - 172. Let m = -29 + x. List the prime factors of m.
5
Let a(d) = -d**3 - 7*d**2 - 8*d - 4. Let x be a(-6). Let o(q) = -3*q**2 - 7 - x*q**2 + q**3 + 0*q**2 + 17 - 8*q. What are the prime factors of o(12)?
2, 29
Let b = -78944 - 9556. What are the prime factors of b/(-90) + 4/6?
2, 3, 41
Let x(y) be the second derivative of -16*y - y**3 + 0 + 1/12*y**4 + 15*y**2. What are the prime factors of x(-7)?
11
Let f = -57 + 51. Let r be 32/(-2) + (1 - 4 - f). Let a(g) = g**2 - 10*g - 16. List the prime factors of a(r).
283
Suppose 40*o - 213*o = -1056394 - 414106. What are the prime factors of o?
2, 5, 17
Suppose -5*j + 75825 = -3*b, 12*j + 89077 - 271011 = -2*b. List the prime factors of j.
2, 3, 7, 19
Suppose -78*a - 114186 = -80*a. List the prime factors of a.
3, 19031
Let f = -60 - -74. Let r = 24 - f. Suppose 4*y + r = 2*y, -5*c = -4*y - 240. List the prime factors of c.
2, 11
Let z(k) = 3*k**2 - 40*k - k**2 + k**2 - 17. Let d be z(25). Suppose 73 = 7*n - d. What are the prime factors of n?
7, 19
Suppose 5*n + 3*z - 55613 - 10394 = 0, 4*n + 4*z - 52812 = 0. List the prime factors of n.
67, 197
Suppose -82*h = -2010254 - 401982 - 54488. List the prime factors of h.
2, 13, 89
What are the prime factors of (5727 - 1)*(-518)/(-148)?
7, 409
Suppose 910*a = 781*a + 1145391. List the prime factors of a.
13, 683
Let i = 210 - 653. Let x = i - -1498. List the prime factors of x.
5, 211
Let p = -366 - -2084. Suppose -p = -4*n - 5*b, b - 28 = -26. What are the prime factors of n?
7, 61
List the prime factors of 8 - -1 - 3756*(-34)/51.
7, 359
List the prime factors of 3356*-5*(-8)/80.
2, 839
Suppose d + 4*q - 22349 = 0, -5*d = 45*q - 46*q - 111850. What are the prime factors of d?
22369
Let m(h) = 6*h**3 + 3*h**2 + 71*h - 488. What are the prime factors of m(11)?
2, 29, 149
Suppose -3*k = 6*t - 8*t - 7091, -k - 7*t = -2356. List the prime factors of k.
17, 139
Suppose 2*s + 3*j = -2323, -2*s + 10*j - 5*j - 2299 = 0. Let f = -186 - s. List the prime factors of f.
971
Let q = -44820 - -71228. List the prime factors of q.
2, 3301
Let v be (5 + 1152)/(-4 - -5). Suppose -v - 5017 = -21*g. What are the prime factors of g?
2, 3, 7
Suppose -4*o + 2 = -6. Let w be o + 464 + (2 - 1). Suppose -5*p + w + 218 = 0. List the prime factors of p.
137
Suppose 0 = -4*q + 5*c + 36796, -3*q - 21*c + 27566 = -17*c. What are the prime factors of q?
2, 4597
Let y be 1 + ((-7)/(-14))/(2/4). Suppose -y*t = -7*t + 10. What are the prime factors of -2 + (-2740)/(-28) + t/14?
2, 3
Suppose 0*j + 1330 = -2*j. Let b = 764 - 1235. Let f = b - j. What are the prime factors of f?
2, 97
What are the prime factors of (-5 - (-364)/39*(-9)/(-6)) + 11770?
11779
Suppose 791549 = 140*t - 192091. List the prime factors of t.
2, 3, 1171
Let r(z) = -z**3 + 14*z + 3. Let x = 47 + -51. Let k be r(x). List the prime factors of (-1 + 15*k)*(-3)/(-6).
2, 41
Let z = 396 + 585. List the prime factors of z.
3, 109
Let r be (2/8)/(-6 - 490/(-80)). Suppose 354 = -r*h + 5*h. What are the prime factors of h?
2, 59
Let k = -2137 + 3491. What are the prime factors of k?
2, 677
Suppose -5*b + h = -34733, 4*b = -h + 386 + 27404. List the prime factors of b.
6947
Suppose -5*i + 12879 = 3*o, 5*o - 3238 = i + 18171. What are the prime factors of o?
4283
Let z be 2 + -1 + (-70 - 0). Let u = -3325 + 3181. Let x = z - u. What are the prime factors of x?
3, 5
Let d = -1211 + 5209. List the prime factors of d.
2, 1999
Suppose 0 = -2*t + 9383 + 10949 + 44536. What are the prime factors of t?
2, 16217
Suppose -13*g + 320418 = -2*g + 31*g. What are the prime factors of g?
3, 2543
Suppose 2*r - 29860 = y, -4*r + 59776 = -15*y + 20*y. List the prime factors of r.
2, 3, 19, 131
Let d(z) = -10*z**2 - 22*z**3 + 16*z**3 - 4*z - 10 + 5*z**3 - 9. What are the prime factors of d(-10)?
3, 7
Let x(t) = 738*t + 348. List the prime factors of x(5).
2, 3, 673
Let m be ((-24)/5)/(14/22855). List the prime factors of m/(-22) + (-8 - 344/(-44)).
2, 89
Let k(w) = 5*w + 914. Suppose -h = -4*h - 7*h. What are the prime factors of k(h)?
2, 457
Let u(k) = 2*k**2 + 6*k + 5. Suppose 6*h = -19*h - 100. What are the prime factors of u(h)?
13
Let f(t) = 19*t**3 + 68*t**2 - 387*t. What are the prime factors of f(6)?
2, 3, 5, 47
What are the prime factors of ((-138645)/6)/(-5)*152/114?
2, 3, 13, 79
List the prime factors of 3/(-7) - (-57138475)/2177.
2, 11, 1193
Let p(s) = 4*s**2 + 11*s + 71. Let b(i) = -i**2 - 3*i - 18. Let a(w) = -9*b(w) - 2*p(w). Let x be a(-6). What are the prime factors of (-28)/(-182) - (-2440)/x?
2, 47
Let y = 956 + -152. Suppose 891 = 5*z - y. What are the prime factors of z?
3, 113
What are the prime factors of 0 + (16/40 - (-64)/(-10)) + 40200?
2, 3, 7, 11, 29
What are the prime factors of (15177/4)/(((-345)/100)/(-23))?
5, 5059
Suppose -5*x + 10*x = 15. Suppose -s = -2*h - 358, -4*h + x*s - 537 = -h. Let q = h + 319. What are the prime factors of q?
2, 5, 7
Let n(a) = -a**3 + 16*a**2 - 10*a - 24. Suppose 0 = -x - 2*b - 3 - 1, -5 = 5*x + 5*b. Suppose -5*z + 3*z + 36 = -x*h, 4*h = -12. List the prime factors of n(z).
3, 17
Let m be 149 - 1/((-2)/4). Let s be (-61537)/596 - (-2)/8. Let u = s + m. What are the prime factors of u?
2, 3
Let c be 6*1 + 5 + 10. Suppose c*k = 23*k - 736. List the prime factors of k.
2, 23
Let j be 22/(-3 + 2 + 1190/1210). Let o = -744 - j. List the prime factors of o.
587
Let n(m) = 617*m + 404. List the prime factors of n(4).
2, 359
Suppose -89 = -9*t - 62. Suppose -5*j - 7 = 8, t*d = -2*j + 591. List the prime factors of d.
199
What are the prime factors of ((-9282)/455)/((-3)/520)?
2, 13, 17
Let c = -67 + 62. Let u(y) = -3*y**2 - 15*y + 11. Let d be u(c). Suppose -p = d*p - 1320. What are the prime factors of p?
2, 5, 11
Suppose g + 12 = 16. Suppose -2*t = -t + y - 1056, -2*t = -g*y - 2094. List the prime factors of t.
3, 13
Let j = -250 - -251. Let z(p) = 137*p**2 - 3*p + 3. What are the prime factors of z(j)?
137
Let d = -6464 + 12356. List the prime factors of d.
2, 3, 491
Suppose 512388 = -8428*m + 8440*m. List the prime factors of m.
3, 43, 331
What are the prime factors of 2 - 0/(-2) - 15/(165/(-179234))?
2, 3, 7, 97
Let t(g) = 2*g**2 + 3*g - 10. Let a be t(-4). Let i be 2*(4 + (-15)/a). Suppose 3*r - i*h = 507, -2*h - 817 = -5*r - 3*h. What are the prime factors of r?
2, 41
Let i = 12892 + -9146. What are the prime factors of i?
2, 1873
Let u be (5652 - (-1 - (-3 + 1))) + 1. Suppose -u = -3*w - 6*w. What are the prime factors of w?
2, 157
Let s = 71 - 67. Suppose j - s*c = 301, -5*j - c - 263 + 1663 = 0. What are the prime factors of j?
281
Let q = 2242 - 2241. Let n be 1/3 - (-2)/(-6). What are the prime factors of -1 + 4 + (113 - (n - q))?
3, 13
Suppose 19*m - 11*m = 258440. List the prime factors of m.
5, 7, 13, 71
Let m = 511 + 75. Suppose -1196 = -2*q - 19*u + 15*u, q = u + m. List the prime factors of q.
2, 5, 59
Let h = -253 - -253. Suppose 5*y + 25 = h, d - 3*d - 